, 11, 41, 72221
What are the prime factors of 202832888?
2, 25354111
List the prime factors of 1180188444.
2, 3, 41, 331, 7247
List the prime factors of 1648134202.
2, 11, 13, 59, 97673
What are the prime factors of 136220438?
2, 4483, 15193
List the prime factors of 83402366.
2, 37, 101, 11159
What are the prime factors of 606332913?
3, 202110971
What are the prime factors of 98004787?
113, 433, 2003
What are the prime factors of 3898480?
2, 5, 48731
List the prime factors of 299410774.
2, 13, 47, 89, 2753
What are the prime factors of 424223496?
2, 3, 5891993
List the prime factors of 52259846.
2, 26129923
What are the prime factors of 49123446?
2, 3, 23, 355967
List the prime factors of 3311983708.
2, 11, 19, 1553, 2551
List the prime factors of 66761168.
2, 4172573
What are the prime factors of 44525839?
17, 73, 35879
What are the prime factors of 563057683?
563057683
List the prime factors of 147825331.
147825331
List the prime factors of 328645883.
2477, 132679
List the prime factors of 6297241263.
3, 293, 1447, 4951
What are the prime factors of 7589898?
2, 3, 421661
List the prime factors of 21878614.
2, 19, 575753
What are the prime factors of 65682419?
11, 29, 109, 1889
What are the prime factors of 785944436?
2, 196486109
What are the prime factors of 2594996000?
2, 5, 757, 857
List the prime factors of 1319412370.
2, 5, 131941237
List the prime factors of 691711145.
5, 138342229
What are the prime factors of 578294539?
29, 73, 173, 1579
List the prime factors of 1850147686.
2, 19, 1321, 36857
List the prime factors of 73649336.
2, 9206167
What are the prime factors of 157368497?
11, 13, 269, 4091
List the prime factors of 600259356.
2, 3, 157, 35401
What are the prime factors of 7255749948?
2, 3, 8171, 73999
List the prime factors of 72593714.
2, 5801, 6257
List the prime factors of 3249270266.
2, 11, 147694103
What are the prime factors of 1423407875?
5, 17, 669839
List the prime factors of 232383815.
5, 29, 83, 19309
List the prime factors of 964488756.
2, 3, 7, 11, 41, 3637
What are the prime factors of 257719795?
5, 51543959
What are the prime factors of 659195706?
2, 3, 13, 17, 29243
What are the prime factors of 1220562249?
3, 67, 1499, 4051
What are the prime factors of 194202880?
2, 5, 173, 877
List the prime factors of 514023446.
2, 257011723
List the prime factors of 44688182.
2, 7, 11, 290183
What are the prime factors of 101804214?
2, 3, 1019, 16651
List the prime factors of 167648859.
3, 7, 47, 233
List the prime factors of 196720271.
11, 499, 35839
What are the prime factors of 88343866?
2, 13, 17, 199873
List the prime factors of 514599096.
2, 3, 11, 827, 2357
What are the prime factors of 3530936719?
21433, 164743
List the prime factors of 1651914063.
3, 6491, 28277
List the prime factors of 23820862.
2, 13, 916187
List the prime factors of 1455849428.
2, 11, 33087487
List the prime factors of 60367450.
2, 5, 11, 13, 8443
What are the prime factors of 43465182?
2, 3, 59, 199, 617
List the prime factors of 812961881.
812961881
What are the prime factors of 2239923583?
2239923583
List the prime factors of 1368066871.
1368066871
List the prime factors of 32447795.
5, 6489559
List the prime factors of 312245523.
3, 29, 59, 751
List the prime factors of 1526422040.
2, 5, 11, 13, 59, 4523
List the prime factors of 2349491876.
2, 107, 307, 17881
What are the prime factors of 13132162?
2, 6566081
List the prime factors of 1933658369.
23, 37, 2272219
List the prime factors of 296378146.
2, 47, 3152959
List the prime factors of 2797955.
5, 559591
What are the prime factors of 149024478?
2, 3, 1531, 16223
What are the prime factors of 23996803?
79, 89, 3413
List the prime factors of 70736557.
2207, 32051
List the prime factors of 325303475.
5, 7, 167, 11131
List the prime factors of 179027907.
3, 59675969
What are the prime factors of 174468720?
2, 3, 5, 726953
List the prime factors of 120086214.
2, 3, 20014369
What are the prime factors of 48847032?
2, 3, 13, 23, 2269
List the prime factors of 161452166.
2, 241, 334963
What are the prime factors of 30666305?
5, 6133261
List the prime factors of 914612184.
2, 3, 1303, 9749
What are the prime factors of 111683297?
11, 31, 327517
List the prime factors of 16607192.
2, 7, 296557
What are the prime factors of 3111131162?
2, 37, 42042313
List the prime factors of 6210869997.
3, 59, 83, 569, 743
What are the prime factors of 69643888?
2, 179, 24317
List the prime factors of 2072801.
2072801
What are the prime factors of 331602154?
2, 13, 43, 179, 1657
List the prime factors of 337849086.
2, 3, 56308181
What are the prime factors of 121859017?
7, 17408431
List the prime factors of 174912538.
2, 313, 279413
List the prime factors of 210457832.
2, 13, 19, 73, 1459
What are the prime factors of 423441351?
3, 349, 4993
List the prime factors of 36877671.
3, 23, 67, 2659
List the prime factors of 22189717.
11, 2017247
List the prime factors of 667243835.
5, 133448767
List the prime factors of 681804901.
681804901
List the prime factors of 148253178.
2, 3, 67, 368789
What are the prime factors of 114513149?
307, 373007
List the prime factors of 2839377399.
3, 946459133
What are the prime factors of 48154758?
2, 3, 8025793
What are the prime factors of 495142724?
2, 7489, 16529
List the prime factors of 1207022455.
5, 4457, 54163
List the prime factors of 623612018.
2, 23, 13556783
What are the prime factors of 6814442?
2, 3407221
What are the prime factors of 53550388?
2, 13387597
What are the prime factors of 126664533?
3, 89, 52711
List the prime factors of 439863985.
5, 11, 43, 61, 3049
What are the prime factors of 1610295486?
2, 3, 19, 14125399
What are the prime factors of 65914137?
3, 7323793
List the prime factors of 1352381326.
2, 15907, 42509
List the prime factors of 5736465.
3, 5, 7, 18211
What are the prime factors of 94689036?
2, 3, 13, 202327
List the prime factors of 2572394641.
2572394641
List the prime factors of 160271707.
19, 43, 196171
List the prime factors of 4470020973.
3, 11, 4903, 9209
List the prime factors of 231793726.
2, 115896863
What are the prime factors of 26562116?
2, 7, 53, 2557
List the prime factors of 11713153.
17, 557, 1237
What are the prime factors of 121341900?
2, 3, 5, 601, 673
What are the prime factors of 1223055628?
2, 29, 10543583
List the prime factors of 395020656.
2, 3, 103, 26633
List the prime factors of 1548377560.
2, 5, 38709439
List the prime factors of 200800094.
2, 11, 19, 480383
List the prime factors of 458130455.
5, 91626091
List the prime factors of 1532217563.
31, 547, 90359
What are the prime factors of 971227843?
73, 131, 101561
What are the prime factors of 545688314?
2, 83, 683, 4813
List the prime factors of 2573029758.
2, 3, 13, 47, 701863
List the prime factors of 63624726.
2, 3, 11, 383, 839
What are the prime factors of 1997715772?
2, 13, 38417611
List the prime factors of 29864628.
2, 3, 349, 2377
List the prime factors of 712836628.
2, 7, 43, 592057
What are the prime factors of 175079197?
23, 347, 21937
What are the prime factors of 194938105?
5, 73, 534077
List the prime factors of 79252360.
2, 5, 11, 29, 6211
List the prime factors of 2880101804.
2, 720025451
What are the prime factors of 27115701?
3, 53, 170539
What are the prime factors of 275557732?
2, 113, 609641
What are the prime factors of 77507998?
2, 17, 31, 151, 487
What are the prime factors of 60147939?
3, 19, 347, 3041
What are the prime factors of 249057953?
2999, 83047
What are the prime factors of 382283881?
7, 54611983
What are the prime factors of 1510575560?
2, 5, 13, 313, 9281
List the prime factors of 2587564214.
2, 179, 521, 13873
List the prime factors of 381945408.
2, 3, 13, 79, 149
What are the prime factors of 5037216316?
2, 11, 107, 1069927
List the prime factors of 1419205416.
2, 3, 839, 70481
List the prime factors of 53210850.
2, 3, 5, 7, 11, 17, 271
What are the prime factors of 8100877?
59, 137303
What are the prime factors of 322606554?
2, 3, 43, 1250413
What are the prime factors of 7634724317?
11, 694065847
What are the prime factors of 722448715?
5, 144489743
What are the prime factors of 147333964?
2, 83, 443777
List the prime factors of 241830997.
41, 53, 109, 1021
List the prime factors of 2644104546.
2, 3, 16321633
Wha